{"id":2,"date":"2023-06-23T06:37:14","date_gmt":"2023-06-23T06:37:14","guid":{"rendered":"http:\/\/venixbox.cz\/?page_id=2"},"modified":"2023-06-28T17:18:10","modified_gmt":"2023-06-28T17:18:10","slug":"home","status":"publish","type":"page","link":"https:\/\/venixbox.cz\/","title":{"rendered":"Homepage"},"content":{"rendered":"\n\n\t\t\t\t<img decoding=\"async\" src=\"http:\/\/venixbox.cz\/wp-content\/uploads\/2023\/06\/logo-blue.png\" alt=\"logo-blue\" itemprop=\"image\" title=\"logo-blue\" onerror=\"this.style.display='none'\"  \/>\n<h2>\n\t\tAutorizovan\u00fd dodavatel designov\u00fdch box\u016f do va\u0161ich restaurac\u00ed a klub\u016f\n\t<\/h2>\n<h2>\n\t\tObjedn\u00e1vejte zde:\n\t<\/h2>\n\t\t\t\t<img decoding=\"async\" src=\"http:\/\/venixbox.cz\/wp-content\/uploads\/2023\/06\/venix-banana.jpg\" alt=\"venix-banana\" itemprop=\"image\" title=\"venix-banana\" onerror=\"this.style.display='none'\"  \/>\n\t\t\t\t<img decoding=\"async\" src=\"http:\/\/venixbox.cz\/wp-content\/uploads\/2023\/06\/venix-litchi.jpg\" alt=\"venix-litchi\" itemprop=\"image\" title=\"venix-litchi\" onerror=\"this.style.display='none'\"  \/>\n\t\t\t\t<img decoding=\"async\" src=\"http:\/\/venixbox.cz\/wp-content\/uploads\/2023\/06\/venix-menthol.jpg\" alt=\"venix-menthol\" itemprop=\"image\" title=\"venix-menthol\" onerror=\"this.style.display='none'\"  \/>\n\t\t\t\t<img decoding=\"async\" src=\"http:\/\/venixbox.cz\/wp-content\/uploads\/2023\/06\/benix-raspberry.jpg\" alt=\"benix-raspberry\" itemprop=\"image\" title=\"benix-raspberry\" onerror=\"this.style.display='none'\"  \/>\n\n","protected":false},"excerpt":{"rendered":"<p>Autorizovan\u00fd dodavatel designov\u00fdch box\u016f do va\u0161ich restaurac\u00ed a klub\u016f Objedn\u00e1vejte zde:<\/p>\n","protected":false},"author":1,"featured_media":0,"parent":0,"menu_order":0,"comment_status":"closed","ping_status":"closed","template":"","meta":[],"_links":{"self":[{"href":"https:\/\/venixbox.cz\/index.php\/wp-json\/wp\/v2\/pages\/2"}],"collection":[{"href":"https:\/\/venixbox.cz\/index.php\/wp-json\/wp\/v2\/pages"}],"about":[{"href":"https:\/\/venixbox.cz\/index.php\/wp-json\/wp\/v2\/types\/page"}],"author":[{"embeddable":true,"href":"https:\/\/venixbox.cz\/index.php\/wp-json\/wp\/v2\/users\/1"}],"replies":[{"embeddable":true,"href":"https:\/\/venixbox.cz\/index.php\/wp-json\/wp\/v2\/comments?post=2"}],"version-history":[{"count":16,"href":"https:\/\/venixbox.cz\/index.php\/wp-json\/wp\/v2\/pages\/2\/revisions"}],"predecessor-version":[{"id":36,"href":"https:\/\/venixbox.cz\/index.php\/wp-json\/wp\/v2\/pages\/2\/revisions\/36"}],"wp:attachment":[{"href":"https:\/\/venixbox.cz\/index.php\/wp-json\/wp\/v2\/media?parent=2"}],"curies":[{"name":"wp","href":"https:\/\/api.w.org\/{rel}","templated":true}]}}